{"id":811,"date":"2018-08-13T19:50:29","date_gmt":"2018-08-13T19:50:29","guid":{"rendered":"https:\/\/ganancias-sostenible.staging.gbh.com.do\/?page_id=811"},"modified":"2023-11-10T18:08:23","modified_gmt":"2023-11-10T18:08:23","slug":"ganancias-sostenibles-2018","status":"publish","type":"page","link":"https:\/\/ganancias-sostenibles.ecored.org.do\/cms\/ganancias-sostenibles-2018\/","title":{"rendered":"Ganancias Sostenibles 2018"},"content":{"rendered":"<p>[vc_row full_width=\u00bbstretch_row_content\u00bb css=\u00bb.vc_custom_1569606577554{background-image: url(https:\/\/ganancias-sostenibles.ecored.org.do\/cms\/\/ganancias-sostenibles.ecored.org.do\/content\/uploads\/2018\/08\/showcase-ganancias-sostenibles-2018.jpg?id=846) !important;background-position: center !important;background-repeat: no-repeat !important;background-size: cover !important;}\u00bb el_class=\u00bboverflow-visible showcase\u00bb el_id=\u00bbinicio\u00bb][vc_column el_class=\u00bbtext-center\u00bb]<div class=\"hero-banner\">\n\t\t\t\t<div class=\"container\">\n\t\t\t\t\t<div class=\"row\">\n\t\t\t\t\t\t<div class=\"col-md-12\"><h1 class=\"entry-title wow fadeInUp\" data-wow-duration=\"1.5s\" data-wow-delay=\"0s\">Ganancias Sostenibles 2018<\/h1><p class=\"entry-date margin-b100 wow fadeInUp\" data-wow-duration=\"1.5s\" data-wow-delay=\"1s\">La Gesti\u00f3n de Riesgo de Desastres: Una Inversi\u00f3n Inteligente<\/p><\/div>\n\t\t\t\t\t<\/div>\n\t\t\t\t<\/div>\n\t\t\t<\/div>[\/vc_column][\/vc_row][vc_row css=\u00bb.vc_custom_1535039227192{background-position: center !important;background-repeat: no-repeat !important;background-size: cover !important;}\u00bb el_class=\u00bbpadding-t140 padding-b120&#8243;][vc_column width=\u00bb1\/2&#8243;]<div class=\"conference-heading\">\n\t\t\t<div class=\"date\">\n\t\t\t\t<h2 class=\"day\">05 <span class=\"month\">Octubre<\/span><\/h2>\n\t\t\t<\/div>\n\t\t\t<h3 class=\"entry-title\">Ganancias Sostenibles 2018: La Gesti\u00f3n de Riesgo de Desastres: Una Inversi\u00f3n Inteligente<\/h3>\n\t\t<\/div>[\/vc_column][vc_column width=\u00bb1\/2&#8243;]<article class=\"textblock style-two\">\n\t\t\t\t<h4 class=\"entry-title\">Objetivo <\/h4><p class=\"entry-content\">El evento busca llamar la atenci\u00f3n de los diferentes sectores productivos del pa\u00eds acerca de su rol ante nuestra vulnerabilidad frente a los efectos del cambio clim\u00e1tico, una realidad que preferimos obviar pero que cada d\u00eda nos golpea y nos debe movilizar a la acci\u00f3n de manera proactiva, coordinada e inteligente para evitar, en la medida de lo posible \u201cque los eventos naturales, se conviertan en desastres\u201d.<\/p><a href=\"https:\/\/ganancias-sostenibles.ecored.org.do\/cms\/\/ganancias-sostenibles.ecored.org.do\/content\/uploads\/2018\/08\/ganancias-sostenibles-2018.pdf\" class=\"btn-default\">Descargar Presentaci\u00f3n<\/a><\/article>[\/vc_column][\/vc_row][vc_row css=\u00bb.vc_custom_1534198612243{background-position: center !important;background-repeat: no-repeat !important;background-size: cover !important;}\u00bb][vc_column width=\u00bb1\/3&#8243;]<div class=\"service\">\n\t\t\t<div class=\"entry-thumb\">\n\t\t\t\t<img src=\"https:\/\/ganancias-sostenibles.ecored.org.do\/content\/uploads\/2018\/08\/calendar-icon.png\" alt=\"Thumb\">\n\t\t\t<\/div>\n\t\t\t<h4 class=\"entry-title\">Fecha<\/h4>\n\t\t\t<p class=\"entry-content\">Viernes 05 de Octubre 2018<\/p>\t\n\t\t<\/div>[\/vc_column][vc_column width=\u00bb1\/3&#8243;]<div class=\"service\">\n\t\t\t<div class=\"entry-thumb\">\n\t\t\t\t<img src=\"https:\/\/ganancias-sostenibles.ecored.org.do\/content\/uploads\/2018\/08\/clock-icon.png\" alt=\"Thumb\">\n\t\t\t<\/div>\n\t\t\t<h4 class=\"entry-title\">Hora<\/h4>\n\t\t\t<p class=\"entry-content\">8:30 am \u2013 1:00 pm<\/p>\t\n\t\t<\/div>[\/vc_column][vc_column width=\u00bb1\/3&#8243;]<div class=\"service\">\n\t\t\t<div class=\"entry-thumb\">\n\t\t\t\t<img src=\"https:\/\/ganancias-sostenibles.ecored.org.do\/content\/uploads\/2018\/08\/group-icon.png\" alt=\"Thumb\">\n\t\t\t<\/div>\n\t\t\t<h4 class=\"entry-title\">Sal\u00f3n<\/h4>\n\t\t\t<p class=\"entry-content\">Gran Embajador \u2013 Hotel Embajador \u2013 Avd. Sarasota, Santo Domingo, D.N.<\/p>\t\n\t\t<\/div>[\/vc_column][\/vc_row][vc_row el_id=\u00bbcolaboradores\u00bb css=\u00bb.vc_custom_1537289555824{margin-bottom: 12px !important;}\u00bb el_class=\u00bbpadding-b120&#8243;][vc_column]<div class=\"section-header\">\n\t\t\t<h2 class=\"entry_title\">COLABORADORES<\/h2>\n\t\t<\/div>[vc_row_inner el_class=\u00bbpremium-logos\u00bb][vc_column_inner]<div class=\"client-section\">\n\t\t\t<ul class=\"clients\"><li class=\" wow fadeInUp\" data-wow-duration=\"1.5s\" data-wow-delay=\"0s\">\n\t\t\t\t\t\t\t<div class=\"client-thumb\">\n\t\t\t\t\t\t\t\t<img src=\"https:\/\/ganancias-sostenibles.ecored.org.do\/content\/uploads\/2018\/08\/unisdr.jpg\" alt=\"Client Thumbnail\">\n\t\t\t\t\t\t\t<\/div>\n\t\t\t\t\t\t<\/li><li class=\" wow fadeInUp\" data-wow-duration=\"1.5s\" data-wow-delay=\"0.5s\">\n\t\t\t\t\t\t\t<div class=\"client-thumb\">\n\t\t\t\t\t\t\t\t<img src=\"https:\/\/ganancias-sostenibles.ecored.org.do\/content\/uploads\/2018\/08\/arise.jpg\" alt=\"Client Thumbnail\">\n\t\t\t\t\t\t\t<\/div>\n\t\t\t\t\t\t<\/li><li class=\" wow fadeInUp\" data-wow-duration=\"1.5s\" data-wow-delay=\"1s\">\n\t\t\t\t\t\t\t<div class=\"client-thumb\">\n\t\t\t\t\t\t\t\t<img src=\"https:\/\/ganancias-sostenibles.ecored.org.do\/content\/uploads\/2018\/08\/bmz-1.jpg\" alt=\"Client Thumbnail\">\n\t\t\t\t\t\t\t<\/div>\n\t\t\t\t\t\t<\/li><li class=\" wow fadeInUp\" data-wow-duration=\"1.5s\" data-wow-delay=\"1.5s\">\n\t\t\t\t\t\t\t<div class=\"client-thumb\">\n\t\t\t\t\t\t\t\t<img src=\"https:\/\/ganancias-sostenibles.ecored.org.do\/content\/uploads\/2018\/08\/pizzolante.jpg\" alt=\"Client Thumbnail\">\n\t\t\t\t\t\t\t<\/div>\n\t\t\t\t\t\t<\/li><li class=\" wow fadeInUp\" data-wow-duration=\"1.5s\" data-wow-delay=\"2s\">\n\t\t\t\t\t\t\t<div class=\"client-thumb\">\n\t\t\t\t\t\t\t\t<img src=\"https:\/\/ganancias-sostenibles.ecored.org.do\/content\/uploads\/2018\/08\/pnud-1.jpg\" alt=\"Client Thumbnail\">\n\t\t\t\t\t\t\t<\/div>\n\t\t\t\t\t\t<\/li><\/ul>\n\t\t<\/div>[\/vc_column_inner][\/vc_row_inner][\/vc_column][\/vc_row][vc_row el_id=\u00bbpatrocinadores\u00bb][vc_column]<div class=\"section-header\">\n\t\t\t<h2 class=\"entry_title\">PATROCINADORES<\/h2>\n\t\t<\/div>[vc_row_inner el_class=\u00bbpremium-logos\u00bb][vc_column_inner]<div class=\"client-section\">\n\t\t\t<ul class=\"clients\"><li class=\" wow fadeInUp\" data-wow-duration=\"1.5s\" data-wow-delay=\"0s\">\n\t\t\t\t\t\t\t<div class=\"client-thumb\">\n\t\t\t\t\t\t\t\t<img src=\"https:\/\/ganancias-sostenibles.ecored.org.do\/content\/uploads\/2017\/06\/universal-seguros-190x99.jpg\" alt=\"Client Thumbnail\">\n\t\t\t\t\t\t\t<\/div>\n\t\t\t\t\t\t<\/li><li class=\" wow fadeInUp\" data-wow-duration=\"1.5s\" data-wow-delay=\"0.5s\">\n\t\t\t\t\t\t\t<div class=\"client-thumb\">\n\t\t\t\t\t\t\t\t<img src=\"https:\/\/ganancias-sostenibles.ecored.org.do\/content\/uploads\/2018\/08\/Fundacio\u0301n-Rica-2017-en-grande-190x99.png\" alt=\"Client Thumbnail\">\n\t\t\t\t\t\t\t<\/div>\n\t\t\t\t\t\t<\/li><\/ul>\n\t\t<\/div>[\/vc_column_inner][\/vc_row_inner][vc_row_inner el_class=\u00bbregular-logos\u00bb][vc_column_inner]<div class=\"client-section\">\n\t\t\t<ul class=\"clients\"><li class=\" wow fadeInUp\" data-wow-duration=\"1.5s\" data-wow-delay=\"0s\">\n\t\t\t\t\t\t\t<div class=\"client-thumb\">\n\t\t\t\t\t\t\t\t<img src=\"https:\/\/ganancias-sostenibles.ecored.org.do\/content\/uploads\/2017\/12\/popular.jpg\" alt=\"Client Thumbnail\">\n\t\t\t\t\t\t\t<\/div>\n\t\t\t\t\t\t<\/li><li class=\" wow fadeInUp\" data-wow-duration=\"1.5s\" data-wow-delay=\"0.5s\">\n\t\t\t\t\t\t\t<div class=\"client-thumb\">\n\t\t\t\t\t\t\t\t<img src=\"https:\/\/ganancias-sostenibles.ecored.org.do\/content\/uploads\/2017\/06\/coca-cola-190x99.jpg\" alt=\"Client Thumbnail\">\n\t\t\t\t\t\t\t<\/div>\n\t\t\t\t\t\t<\/li><li class=\" wow fadeInUp\" data-wow-duration=\"1.5s\" data-wow-delay=\"1s\">\n\t\t\t\t\t\t\t<div class=\"client-thumb\">\n\t\t\t\t\t\t\t\t<img src=\"https:\/\/ganancias-sostenibles.ecored.org.do\/content\/uploads\/2017\/06\/bepensa-190x99.jpg\" alt=\"Client Thumbnail\">\n\t\t\t\t\t\t\t<\/div>\n\t\t\t\t\t\t<\/li><li class=\" wow fadeInUp\" data-wow-duration=\"1.5s\" data-wow-delay=\"1.5s\">\n\t\t\t\t\t\t\t<div class=\"client-thumb\">\n\t\t\t\t\t\t\t\t<img src=\"https:\/\/ganancias-sostenibles.ecored.org.do\/content\/uploads\/2017\/06\/metaldom-190x99.jpg\" alt=\"Client Thumbnail\">\n\t\t\t\t\t\t\t<\/div>\n\t\t\t\t\t\t<\/li><\/ul>\n\t\t<\/div><div class=\"client-section\">\n\t\t\t<ul class=\"clients\"><li class=\" wow fadeInUp\" data-wow-duration=\"1.5s\" data-wow-delay=\"0s\">\n\t\t\t\t\t\t\t<div class=\"client-thumb\">\n\t\t\t\t\t\t\t\t<img src=\"https:\/\/ganancias-sostenibles.ecored.org.do\/content\/uploads\/2017\/12\/cepm.jpg\" alt=\"Client Thumbnail\">\n\t\t\t\t\t\t\t<\/div>\n\t\t\t\t\t\t<\/li><li class=\" wow fadeInUp\" data-wow-duration=\"1.5s\" data-wow-delay=\"0.5s\">\n\t\t\t\t\t\t\t<div class=\"client-thumb\">\n\t\t\t\t\t\t\t\t<img src=\"https:\/\/ganancias-sostenibles.ecored.org.do\/content\/uploads\/2018\/08\/cespmmp-190x99.jpg\" alt=\"Client Thumbnail\">\n\t\t\t\t\t\t\t<\/div>\n\t\t\t\t\t\t<\/li><li class=\" wow fadeInUp\" data-wow-duration=\"1.5s\" data-wow-delay=\"1s\">\n\t\t\t\t\t\t\t<div class=\"client-thumb\">\n\t\t\t\t\t\t\t\t<img src=\"https:\/\/ganancias-sostenibles.ecored.org.do\/content\/uploads\/2018\/08\/bhd-leon-190x99.jpg\" alt=\"Client Thumbnail\">\n\t\t\t\t\t\t\t<\/div>\n\t\t\t\t\t\t<\/li><li class=\" wow fadeInUp\" data-wow-duration=\"1.5s\" data-wow-delay=\"1.5s\">\n\t\t\t\t\t\t\t<div class=\"client-thumb\">\n\t\t\t\t\t\t\t\t<img src=\"https:\/\/ganancias-sostenibles.ecored.org.do\/content\/uploads\/2017\/12\/cemex.jpg\" alt=\"Client Thumbnail\">\n\t\t\t\t\t\t\t<\/div>\n\t\t\t\t\t\t<\/li><li class=\" wow fadeInUp\" data-wow-duration=\"1.5s\" data-wow-delay=\"2s\">\n\t\t\t\t\t\t\t<div class=\"client-thumb\">\n\t\t\t\t\t\t\t\t<img src=\"https:\/\/ganancias-sostenibles.ecored.org.do\/content\/uploads\/2017\/12\/sid.jpg\" alt=\"Client Thumbnail\">\n\t\t\t\t\t\t\t<\/div>\n\t\t\t\t\t\t<\/li><\/ul>\n\t\t<\/div>[\/vc_column_inner][\/vc_row_inner][\/vc_column][\/vc_row][vc_row full_width=\u00bbstretch_row\u00bb el_class=\u00bbpadding-tb12090 related-events\u00bb css=\u00bb.vc_custom_1534984558215{background-image: url(https:\/\/ganancias-sostenibles.ecored.org.do\/cms\/\/ganancias-sostenibles.ecored.org.do\/content\/uploads\/2017\/12\/eventos-pasados.bg_.jpg?id=731) !important;background-position: center !important;background-repeat: no-repeat !important;background-size: cover !important;}\u00bb el_id=\u00bbeventos-relacionados\u00bb][vc_column]<div class=\"section-header style-two\">\n\t\t\t<h2 class=\"entry_title\">Eventos Relacionados<\/h2>\n\t\t<\/div>[vc_basic_grid post_type=\u00bbpage\u00bb max_items=\u00bb-1&#8243; element_width=\u00bb12&#8243; gap=\u00bb0&#8243; orderby=\u00bbtitle\u00bb item=\u00bb735&#8243; grid_id=\u00bbvc_gid:1569607549871-1fd7e428-884e-4&#8243; el_class=\u00bbrelated-posts-grid\u00bb][\/vc_column][\/vc_row][vc_row full_width=\u00bbstretch_row_content_no_spaces\u00bb el_id=\u00bbubicacion\u00bb][vc_column]<div class=\"contact-section\">\n\t\t\t<div id=\"map\" class=\"google-map\"><\/div>\n\t\t\t<div class=\"contact-info\"><div class=\"item\">\n\t\t\t\t\t\t\t<h4 class=\"entry-title\">HOTEL EMBAJADOR<\/h4>\n\t\t\t\t\t\t\t<p class=\"entry-content\">\n\t\t\t\t\t\t\t\tGran Embajador \u2013 Hotel Embajador \u2013 Avd. Sarasota, Santo Domingo, D.N.\n\t\t\t\t\t\t\t<\/p>\n\t\t\t\t\t\t<\/div><div class=\"item\">\n\t\t\t\t\t\t\t<h4 class=\"entry-title\">TEL\u00c9FONO<\/h4>\n\t\t\t\t\t\t\t<p class=\"entry-content\">\n\t\t\t\t\t\t\t\t809-547-3529 \/ 809-864-1212\n\t\t\t\t\t\t\t<\/p>\n\t\t\t\t\t\t<\/div><\/div>\n\t\t<\/div><script>\n\t\t  jQuery(\"#map\").gmap3({\n\t\t\tmap:{\n\t\t\t\toptions:{\n\t\t\t\t\tzoom: 10,\n\t\t\t\t\tcenter: [18.455333,-69.933178],\n\t\t\t\t\tmapTypeControl: true,\n\t\t\t\t\tmapTypeControlOptions: {\n\t\t\t\t\t\tstyle: google.maps.MapTypeControlStyle.DROPDOWN_MENU\n\t\t\t\t\t},\n\t\t\t\t\tmapTypeId: \"style1\",\n\t\t\t\t\tmapTypeControlOptions: {\n\t\t\t\t\t\tmapTypeIds: [google.maps.MapTypeId.ROADMAP, \"style1\"]\n\t\t\t\t\t},\n\t\t\t\t\tnavigationControl: true,\n\t\t\t\t\tscrollwheel: false,\n\t\t\t\t\tstreetViewControl: true\n\t\t\t\t}\n\t\t\t},\n\t\t\tmarker:{\n\t\t\t\tlatLng: [18.455333,-69.933178],\n\t\t\t\toptions: {animation:google.maps.Animation.BOUNCE, icon: \"https:\/\/ganancias-sostenibles.ecored.org.do\/content\/uploads\/2017\/05\/marker.png\" }\n\t\t\t},\n\t\t\tstyledmaptype:{\n\t\t\t\tid: \"style1\",\n\t\t\t\toptions:{\n\t\t\t\t\tname: \"Style 1\"\n\t\t\t\t},\n\t\t\t\tstyles: [\n\t\t\t\t\t{\n\t\t\t\t\t\tfeatureType: \"road.highway\",\n\t\t\t\t\t\tstylers: [\n\t\t\t\t\t\t\t{\"color\": \"#ffffff\"},         \n\t\t\t\t\t\t\t{\"elementType\":\"geometry\"},\n\t\t\t\t\t\t]\n\t\t\t\t\t},{\n\t\t\t\t\t\tfeatureType: \"water\",\n\t\t\t\t\t\tstylers: [\n\t\t\t\t\t\t\t{ visibility: \"on\" },\n\t\t\t\t\t\t\t{ color: \"#93c2ce\" }\n\t\t\t\t\t\t]\n\t\t\t\t\t},{\n\t\t\t\t\t\tfeatureType:\"landscape\",\n\t\t\t\t\t\tstylers:[\n\t\t\t\t\t\t\t{\"color\":\"#f2f2f2\"}\n\t\t\t\t\t\t]\n\t\t\t\t\t},{\n\t\t\t\t\t\tfeatureType: \"poi.park\",\n\t\t\t\t\t\telementType:\"geometry\",\n\t\t\t\t\t\tstylers: [\n\t\t\t\t\t\t\t{\"color\":\"#efefef\"}\n\t\t\t\t\t\t]\n\t\t\t\t\t},{\n\t\t\t\t\t\tfeatureType: \"transit.line\",\n\t\t\t\t\t\tstylers: [\n\t\t\t\t\t\t\t{\"color\":\"#ffffff\"}\n\t\t\t\t\t\t]\n\t\t\t\t\t}\n\t\t\t\t]\n\t\t\t}\n\t   \t});\n\n\t\t<\/script>[\/vc_column][\/vc_row]<\/p>\n","protected":false},"excerpt":{"rendered":"<p>[vc_row full_width=\u00bbstretch_row_content\u00bb css=\u00bb.vc_custom_1569606577554{background-image: url(https:\/\/ganancias-sostenibles.ecored.org.do\/cms\/\/ganancias-sostenibles.ecored.org.do\/content\/uploads\/2018\/08\/showcase-ganancias-sostenibles-2018.jpg?id=846) !important;background-position: center !important;background-repeat: no-repeat !important;background-size: cover !important;}\u00bb el_class=\u00bboverflow-visible showcase\u00bb el_id=\u00bbinicio\u00bb][vc_column el_class=\u00bbtext-center\u00bb][\/vc_column][\/vc_row][vc_row css=\u00bb.vc_custom_1535039227192{background-position: center !important;background-repeat: no-repeat !important;background-size: cover !important;}\u00bb el_class=\u00bbpadding-t140 padding-b120&#8243;][vc_column width=\u00bb1\/2&#8243;][\/vc_column][vc_column width=\u00bb1\/2&#8243;][\/vc_column][\/vc_row][vc_row css=\u00bb.vc_custom_1534198612243{background-position: center !important;background-repeat: no-repeat !important;background-size: cover !important;}\u00bb][vc_column width=\u00bb1\/3&#8243;][\/vc_column][vc_column width=\u00bb1\/3&#8243;][\/vc_column][vc_column width=\u00bb1\/3&#8243;][\/vc_column][\/vc_row][vc_row el_id=\u00bbcolaboradores\u00bb css=\u00bb.vc_custom_1537289555824{margin-bottom: 12px !important;}\u00bb el_class=\u00bbpadding-b120&#8243;][vc_column][vc_row_inner el_class=\u00bbpremium-logos\u00bb][vc_column_inner][\/vc_column_inner][\/vc_row_inner][\/vc_column][\/vc_row][vc_row el_id=\u00bbpatrocinadores\u00bb][vc_column][vc_row_inner el_class=\u00bbpremium-logos\u00bb][vc_column_inner][\/vc_column_inner][\/vc_row_inner][vc_row_inner el_class=\u00bbregular-logos\u00bb][vc_column_inner][\/vc_column_inner][\/vc_row_inner][\/vc_column][\/vc_row][vc_row full_width=\u00bbstretch_row\u00bb el_class=\u00bbpadding-tb12090 related-events\u00bb css=\u00bb.vc_custom_1534984558215{background-image: url(https:\/\/ganancias-sostenibles.ecored.org.do\/cms\/\/ganancias-sostenibles.ecored.org.do\/content\/uploads\/2017\/12\/eventos-pasados.bg_.jpg?id=731) !important;background-position: center !important;background-repeat: no-repeat !important;background-size: [&hellip;]<\/p>\n","protected":false},"author":1,"featured_media":970,"parent":0,"menu_order":0,"comment_status":"closed","ping_status":"closed","template":"page-vc.php","meta":[],"acf":[],"_links":{"self":[{"href":"https:\/\/ganancias-sostenibles.ecored.org.do\/cms\/wp-json\/wp\/v2\/pages\/811"}],"collection":[{"href":"https:\/\/ganancias-sostenibles.ecored.org.do\/cms\/wp-json\/wp\/v2\/pages"}],"about":[{"href":"https:\/\/ganancias-sostenibles.ecored.org.do\/cms\/wp-json\/wp\/v2\/types\/page"}],"author":[{"embeddable":true,"href":"https:\/\/ganancias-sostenibles.ecored.org.do\/cms\/wp-json\/wp\/v2\/users\/1"}],"replies":[{"embeddable":true,"href":"https:\/\/ganancias-sostenibles.ecored.org.do\/cms\/wp-json\/wp\/v2\/comments?post=811"}],"version-history":[{"count":40,"href":"https:\/\/ganancias-sostenibles.ecored.org.do\/cms\/wp-json\/wp\/v2\/pages\/811\/revisions"}],"predecessor-version":[{"id":909,"href":"https:\/\/ganancias-sostenibles.ecored.org.do\/cms\/wp-json\/wp\/v2\/pages\/811\/revisions\/909"}],"wp:featuredmedia":[{"embeddable":true,"href":"https:\/\/ganancias-sostenibles.ecored.org.do\/cms\/wp-json\/wp\/v2\/media\/970"}],"wp:attachment":[{"href":"https:\/\/ganancias-sostenibles.ecored.org.do\/cms\/wp-json\/wp\/v2\/media?parent=811"}],"curies":[{"name":"wp","href":"https:\/\/api.w.org\/{rel}","templated":true}]}}